lse
Is 9842740607 a composite number?
True
Is 970482809 composite?
False
Is 9872621371 a prime number?
True
Is 43273739 a composite number?
True
Is 71368393489 a prime number?
False
Is 4040196301 prime?
False
Is 6825054997 a composite number?
True
Is 960687713 a prime number?
False
Is 19455400403 prime?
True
Is 779437391 prime?
True
Is 1591948639 a composite number?
True
Is 71133031 prime?
True
Is 2699111263 prime?
True
Is 239074889 a prime number?
True
Is 4992802987 composite?
True
Is 450972741 composite?
True
Is 5594040119 a composite number?
True
Is 23126626451 prime?
False
Is 25423289261 a composite number?
True
Is 4668249617 a composite number?
True
Is 67681572139 a prime number?
False
Is 17518067629 a composite number?
False
Is 71804963 a composite number?
True
Is 30396617471 a composite number?
True
Is 4689608263 a composite number?
True
Is 20934027137 a composite number?
True
Is 200910887 a composite number?
True
Is 140579004659 a composite number?
True
Is 2487662449 a composite number?
False
Is 1754726473 composite?
True
Is 9588496817 composite?
False
Is 2719837702 prime?
False
Is 12555990991 a composite number?
True
Is 72028073581 composite?
True
Is 2486014269 composite?
True
Is 218405119 a prime number?
False
Is 2148181333 prime?
False
Is 994644797 composite?
True
Is 18839274617 a prime number?
True
Is 1549663291 prime?
False
Is 9185531221 a composite number?
False
Is 36167179133 a prime number?
False
Is 119054088809 prime?
True
Is 89982589 composite?
False
Is 221102452909 a prime number?
False
Is 1923357659 prime?
False
Is 5300846527 a composite number?
False
Is 330860641 prime?
True
Is 60545481907 prime?
True
Is 4921429053 a prime number?
False
Is 1535302207 a prime number?
False
Is 2012043557 a prime number?
True
Is 4213637143 a prime number?
True
Is 49995192047 a composite number?
True
Is 1390598257 a prime number?
True
Is 27883222993 composite?
False
Is 16747416377 composite?
True
Is 49052067787 a composite number?
True
Is 117195950695 composite?
True
Is 8736945991 composite?
True
Is 13638308683 a prime number?
False
Is 5071654601 a composite number?
True
Is 1328592149 prime?
False
Is 5233555903 composite?
False
Is 14899110409 a prime number?
True
Is 2574713321 prime?
True
Is 18255870701 a composite number?
True
Is 4723292005 a prime number?
False
Is 21620720339 prime?
True
Is 12580614617 a composite number?
False
Is 16185107267 composite?
True
Is 1588186945 composite?
True
Is 143935639 a prime number?
False
Is 3809830813 a composite number?
False
Is 6947862569 a prime number?
False
Is 1822931697 a prime number?
False
Is 9878980031 a prime number?
True
Is 57046171863 prime?
False
Is 2127654817 prime?
True
Is 12492989921 prime?
True
Is 5525887069 a composite number?
True
Is 11766167827 a composite number?
True
Is 102709063 composite?
False
Is 156857291749 composite?
True
Is 420430793 composite?
True
Is 110934527 a prime number?
False
Is 5016885257 a prime number?
True
Is 1295527183 composite?
False
Is 31348017385 a prime number?
False
Is 4821213179 composite?
False
Is 866555005 a composite number?
True
Is 14970902987 composite?
True
Is 501746179 prime?
False
Is 486660586 composite?
True
Is 4619839529 composite?
True
Is 29450761831 prime?
True
Is 17376386263 composite?
False
Is 15019540531 a prime number?
True
Is 1763532193 composite?
True
Is 9555567991 prime?
True
Is 518350193 prime?
False
Is 4197103289 a prime number?
True
Is 3609316079 prime?
False
Is 14193513305 a prime number?
False
Is 1521597547 a prime number?
True
Is 14923783283 prime?
False
Is 9119552957 prime?
False
Is 195156347 composite?
False
Is 701633869 prime?
False
Is 420871583357 a prime number?
True
Is 538605943 prime?
True
Is 19318767073 a composite number?
True
Is 4387543493 a prime number?
True
Is 229373581 composite?
False
Is 42197276357 prime?
True
Is 545205967 prime?
True
Is 400270859 a prime number?
True
Is 12741147313 composite?
False
Is 19846463233 a composite number?
False
Is 56308345027 composite?
True
Is 223843559 a prime number?
False
Is 23100500117 prime?
False
Is 3040293299 prime?
True
Is 6217130729 prime?
True
Is 746120881 composite?
True
Is 9240263897 a prime number?
True
Is 50040322379 a prime number?
True
Is 1871526119 composite?
True
Is 2978758007 a prime number?
False
Is 114570011801 prime?
False
Is 117671326 prime?
False
Is 55868225957 a prime number?
False
Is 8191199585 a composite number?
True
Is 11776484609 a prime number?
False
Is 5296154047 prime?
False
Is 248727511 composite?
True
Is 28490221247 prime?
False
Is 27496374397 prime?
False
Is 3906760087 a prime number?
True
Is 340867271 prime?
True
Is 4372666057 prime?
True
Is 30585814691 a composite number?
False
Is 1725978199 prime?
False
Is 7484021521 a composite number?
True
Is 82832848467 composite?
True
Is 42242432693 a composite number?
False
Is 681622901 prime?
False
Is 345923189 composite?
True
Is 1803017339 composite?
True
Is 10643208157 a composite number?
True
Is 28312636847 composite?
True
Is 27336597173 composite?
False
Is 303590461 composite?
False
Is 1360908335 a composite number?
True
Is 6448214447 prime?
True
Is 35564905621 a composite number?
True
Is 3154803227 composite?
False
Is 26276574811 prime?
False
Is 17276657689 a prime number?
True
Is 476514287 a composite number?
True
Is 1572697171 prime?
True
Is 111541139 a composite number?
False
Is 24680055379 prime?
False
Is 3479500389 a prime number?
False
Is 2515375585 a prime number?
False
Is 1634005333 prime?
True
Is 1217046449 a composite number?
True
Is 7691753567 composite?
False
Is 281759471 prime?
False
Is 507956671 composite?
False
Is 14645123 prime?
True
Is 1473212177 composite?
True
Is 3305048267 composite?
False
Is 247090004087 prime?
True
Is 310684663 prime?
True
Is 245990938 prime?
False
Is 1665979979 a prime number?
False
Is 4577741 a prime number?
False
Is 68796083927 a prime number?
True
Is 367471583 prime?
True
Is 9947715527 a composite number?
True
Is 5343174887 a prime number?
True
Is 244614281521 a prime number?
True
Is 30283056257 prime?
True
Is 26432869973 a prime number?
True
Is 231092461 a composite number?
True
Is 4271879299 prime?
True
Is 182693941 a prime number?
False
Is 1750312177 a prime number?
False
Is 2464036019 prime?
False
Is 3571024071 a composite number?
True
Is 69541921 prime?
True
Is 101678936635 composite?
True
Is 2263105571 prime?
False
Is 127626094859 prime?
True
Is 251221469 a prime number?
False
Is 338175533 prime?
False
Is 99293133421 a prime number?
True
Is 62083534197 a composite number?
True
Is 424906249 composite?
False
Is 138985201543 composite?
True
Is 57702060259 a prime number?
True
Is 13827414346 composite?
True
Is 904293987 prime?
False
Is 2370732247 a prime number?
False
Is 2293609481 prime?
False
Is 4144085437 composite?
False
Is 9321641993 a composite number?
False
Is 603903247 a composite number?
False
Is 179036569 a prime number?
False
Is 2921653873 prime?
True
Is 2194340483 composite?
False
Is 721356487 prime?
False
Is 15718066379 a composite number?
True
Is 15095023743 composite?
True
Is 4468940081 composite?
False
Is 4803085295 composite?
True
Is 107577220229 a prime number?
True
Is 3367693271 a prime number?
False
Is 152062206173 prime?
True
Is 1063403527 a prime number?
True
Is 161654529 a prime number?
False
Is 3394569097 prime?
True
Is 1250418919 a composite number?
True
Is 14073372185 a composite number?
True
Is 128810137 a composite number?
False
Is 11081821703 composite?
False
Is 5064477589 a composite number?
True
Is 167716267091 prime?
True
Is 23213342129 a prime number?
False
Is 55396441157 a prime number?
True
Is 6249682897 a prime number?
False
Is 1894085701 composite?
True
Is 3655138901 a prime number?
True
Is 6002379211 a prime number?
False
Is 651345509 a composite number?
False
Is 247136387 a composite number?
True
Is 56171720867 prime?
True
Is 330852661 prime?
True
Is 421895039 prime?
True
Is 202671695 composite?
True
Is 1036226518 composite?
True
Is 3474933299 prime?
False
Is 237080411 a prime number?
False
Is 326706971 prime?
True
Is 457034177 a prime number?
False
Is 39110511347 composite?
False
Is 3901642909 a composite number?
False
Is 469688143 a composite number?
False
Is 1571983687 a prime number?
True
Is 6473617477 prime?
True
I